 j and c.
18
Let c(g) = -g + 2. Let u be c(-4). What is the greatest common divisor of 30 and u?
6
Let u(s) = s**3 + s**2 + s + 8. Let j be u(0). Calculate the highest common factor of 64 and j.
8
Let u(k) = 12*k - 1. Let h be u(6). Suppose -h = -4*g + 49. Calculate the highest common divisor of g and 12.
6
Let a(g) = -2*g**3 - g**2 + g + 2. Let x be a(3). Let u = -26 - x. Suppose -6 = -2*j + 10. What is the highest common factor of u and j?
8
Let v(p) = -p**2 + 14*p + 6. Let h(n) = -n**2 - 2*n + 13. Let o be h(0). Let z be v(o). Calculate the highest common divisor of 95 and z.
19
Suppose 3*b - 2*m - 77 = 2*m, 5*b + 5*m = 140. What is the highest common divisor of 243 and b?
27
Let u(g) = g**3 + 17*g**2 - 18*g + 40. Let y be u(-18). Calculate the highest common factor of 5 and y.
5
Let p be (4/3)/(1/3). Suppose -68 = -p*s - 12. What is the greatest common divisor of s and 21?
7
Suppose -7 - 57 = -2*k. Calculate the greatest common factor of 4 and k.
4
Let f be (-72)/(-7) + 6/(-21). Suppose -b + f = -78. Let w be (-1 - b - -1)*-1. Calculate the greatest common factor of 11 and w.
11
Suppose -855 = -7*d - 2*d. What is the highest common divisor of d and 19?
19
Let u(i) = 88*i**3 - i**2 + 2*i - 2. Let g be u(2). Suppose 2*j = -j + g. Let f = j + -117. What is the greatest common factor of 13 and f?
13
Let h(k) = 5*k**3 - 4*k**2 + 6*k + 3. Let y be h(3). Calculate the highest common factor of 30 and y.
30
Let l = 156 + -58. What is the highest common factor of l and 14?
14
Suppose 26*y - 14*y - 1620 = 0. Calculate the highest common divisor of 30 and y.
15
Suppose -j + 9 = 7. Suppose -18 = j*w - 78. Calculate the highest common factor of w and 30.
30
Let z(w) = -w + 24. Let h be z(5). Calculate the highest common divisor of 38 and h.
19
Let a(s) = -3*s - 1. Let o(v) = -v - 1. Let x(c) = -3*a(c) + 5*o(c). Let g be x(2). Let h = g + -3. Calculate the highest common divisor of 21 and h.
3
Suppose 205 = 11*z + 18. Suppose 0 = -m - 2*n - 0*n + 15, 0 = -m - 3*n + 14. What is the highest common factor of z and m?
17
Let o = 10 - 8. Suppose o*s - 14 = s + 4*z, -5*z - 34 = -4*s. Calculate the greatest common divisor of 24 and s.
6
Let z(o) = o**3 + 10*o**2 + 6*o - 8. Let a be z(-9). Suppose -3*k = -k - 38. What is the greatest common factor of k and a?
19
Let w = -9 - -8. Let h be -1*(2 + w)*-5. Let u(b) = 2*b**2 + 10*b + 8. Let j be u(-6). What is the highest common divisor of j and h?
5
Suppose 0 = -4*q - m + 23 + 11, 0 = 2*q - 2*m - 22. Suppose -4*h = -h. Let p be ((h + 2)/2)/1. Calculate the greatest common factor of p and q.
1
Let b(r) = 106*r**2 + r. Let q be b(-1). What is the highest common divisor of 21 and q?
21
Suppose 21 = 3*g - 3*o, 4*g - 82 = -4*o - 22. Let y(r) = 18*r + 9. Let s be y(5). Calculate the highest common divisor of g and s.
11
Suppose -2*s + 3*s - 4*g - 4 = 0, 2*s - 5*g - 11 = 0. What is the highest common divisor of 88 and s?
8
Suppose 35*f = 38*f - 12. Calculate the highest common factor of f and 14.
2
Let m be ((-5)/(-8))/(-5) + (-2290)/(-16). Let p = -3 + 16. What is the greatest common divisor of p and m?
13
Let b = 16 + -10. Suppose -d + 4 = -b. Let r be (14/(-5))/((-2)/d). What is the greatest common factor of 28 and r?
14
Suppose 6*p = 4*v + p + 16, 5*p = -2*v + 22. Let g(r) = 1 + 2*r - 4*r + 4*r - 4*r + 122*r**3. Let q be g(v). What is the highest common factor of 11 and q?
11
Suppose -5*x + 2*m - 7 + 80 = 0, 3*m - 3 = 0. Suppose p + x = 4*p. Let k = p + -3. Calculate the greatest common divisor of 4 and k.
2
Suppose -2*w - 3*w - 210 = 0. Let k = w + 72. What is the greatest common divisor of 12 and k?
6
Suppose 7 = -4*y + 31. Suppose 2*g - 4 = -0*g. Suppose -d - g = -17. Calculate the highest common divisor of d and y.
3
Let g(m) = m + 7. Let n be g(-6). Suppose -4*i + 2*x + n = -9, 3*i = -5*x + 40. Calculate the greatest common factor of 10 and i.
5
Suppose -n + 4 + 1 = 0. Suppose 2*u - 20 = -2*i - 2*i, 4*u - n*i - 27 = 0. Calculate the highest common divisor of u and 32.
8
Let f = -4 - -3. Let m(u) = -9*u**3 + u**2 - 1. Let k be m(f). What is the greatest common factor of 27 and k?
9
Let b(i) = i**3 + i**2 + 21. Let q be b(0). Suppose 5*o = 2*o + q. Let s be 6/(-8) - (-261)/12. What is the highest common divisor of s and o?
7
Suppose -1 = 7*x - 29. Let m be (-291)/(-18) - 2/12. What is the highest common factor of m and x?
4
Let k be ((-46)/8 + -1)*4. Let r be (-1)/(-3) - 2367/k. What is the highest common divisor of 11 and r?
11
Let u be 2/(-12) + (-350)/60. Let a be u/21 + (-23)/(-7). Calculate the highest common factor of 3 and a.
3
Let d be ((-4)/(-22))/((-80)/88 + 1). Suppose 7*p - 2*p = 40. Calculate the highest common factor of d and p.
2
Suppose 0 = -c + 4, 2*y - 2*c = -4*c + 14. Suppose y*a + a = 0. Suppose a = t - 17 + 6. Calculate the greatest common factor of t and 77.
11
Suppose 0*q = -q + 4. Suppose -4*c = -4, -10 = p + q*p - 5*c. Let t be (-18 - (3 + 0))/p. Calculate the greatest common divisor of 7 and t.
7
Let n be (-8)/20 + (-554)/(-10). Let x = 131 - n. Let b = 25 - 6. What is the greatest common divisor of x and b?
19
Suppose 14*l - 3*l = 2376. Calculate the greatest common divisor of 27 and l.
27
Let f(n) = 2*n - 11 + 0*n - n. Let x be f(8). Let l = x + 5. What is the greatest common divisor of 2 and l?
2
Suppose 5*r = -2*j + 41, -3*j = -5*r + 14 - 63. Calculate the greatest common divisor of 162 and j.
18
Suppose 2*t + 0 = 4. Let o be ((-9)/15)/(t/(-830)). Suppose 2*j = -6, -5*p + 0*j = -3*j - o. What is the highest common divisor of p and 32?
16
Let q(o) = -o**2 - o + 2. Let m be (0 - 0) + 3 - 8. Let a be q(m). Let n be (a/5)/(4/(-120)). What is the greatest common factor of 12 and n?
12
Suppose 0 + 9 = 3*i. Suppose b + i*b - 3*c = 241, 5*b - 295 = 5*c. What is the greatest common divisor of b and 8?
8
Let u be 4/1 + 2 + (-3 - -4). Let n = 79 + -16. Calculate the highest common divisor of n and u.
7
Let j(x) = x - 1. Let i be j(1). Suppose -v - h + 15 = 0, 5*h + 23 = 2*v - 0. Suppose i = -2*b + v. Calculate the greatest common factor of b and 49.
7
Suppose -4*t + 93 = -51. What is the greatest common divisor of 4 and t?
4
Suppose 0 = -4*u + 5*m + 165, 2*u - 81 = m - 0*m. Calculate the highest common factor of 60 and u.
20
Suppose 131 = 4*q - s, -5*q - 2*s - 75 = -255. Calculate the greatest common divisor of 374 and q.
34
Suppose y - 4*y + m = -62, -5*y = -4*m - 94. Let x(c) = c**2 - 5. Let w be x(4). What is the greatest common divisor of y and w?
11
Let g = -65 + 93. Suppose -j = -2*i + 3*j + g, -3*j - 33 = -3*i. Calculate the greatest common factor of 72 and i.
8
Suppose 2 - 6 = g. Let z be (10 + g)*6/4. What is the greatest common divisor of 6 and z?
3
Suppose 0 = 2*p + 3*n - 13, 0*n = -3*p - 5*n + 21. Suppose p*h - 38 = -0*h. Calculate the greatest common factor of h and 76.
19
Let k be 66/9*(1 + 2). Suppose -3*o = 5*m - 168, 94 = 5*m + o - 72. Calculate the greatest common divisor of k and m.
11
Let w(m) be the second derivative of -69*m**5/20 + m**4/6 - m**2/2 - 3*m. Let j be w(-1). Calculate the greatest common divisor of j and 10.
10
Suppose 3*g = 4*c - 72, 5*g - 26 - 10 = -2*c. Suppose 0 = 3*d - c - 30. Suppose 5*t = 4*a - 85, 3*t - 1 = -d. Calculate the highest common divisor of a and 10.
5
Let a be (-20)/(-3)*(-15)/(-10). Calculate the greatest common divisor of a and 20.
10
Let c = -3 - -6. Suppose 5*o + 2*y - 96 = 0, 4*y + 5 = c*o - 37. What is the highest common factor of o and 90?
18
Suppose 25 + 20 = -5*l. Let f be -3*(1 + 60/l). Suppose -u = -5*q + 9, -6 = -u - 3*q + f. What is the highest common divisor of u and 1?
1
Suppose f = 2*o - 30, o - 113 = 5*f + 10. Let w = -109 + f. Let m = -65 - w. Calculate the highest common factor of m and 17.
17
Let j = 6 - -8. Calculate the greatest common factor of j and 154.
14
Let f(b) = -b**2 + b + 329. Let y be f(0). Let m = -252 + 67. Let g = y + m. Calculate the highest common divisor of g and 18.
18
Let k be (-8)/((1/(-14))/1). Calculate the highest common divisor of k and 14.
14
Suppose -2*t - 1 + 7 = 0. Suppose -t*r = -2*y + 39, y = 2*y - 2*r - 22. Calculate the highest common factor of 132 and y.
12
Suppose 5*a = -i + 2*i + 154, 136 = 4*a - 4*i. Let p be (-8)/36 + 238/18. Let z be 5/(-3)*(1 - p). Calculate the highest common di